{"id":170,"date":"2025-10-29T09:27:30","date_gmt":"2025-10-29T08:27:30","guid":{"rendered":"https:\/\/www.frichtiweb.com\/templates\/?page_id=170"},"modified":"2025-10-29T09:30:00","modified_gmt":"2025-10-29T08:30:00","slug":"newsletter","status":"publish","type":"page","link":"https:\/\/www.frichtiweb.com\/templates\/newsletter\/","title":{"rendered":"Newsletter"},"content":{"rendered":"\n<h1 class=\"wp-block-heading\">Abonnez-vous \u00e0 la newsletter<\/h1>\n\n\n\n<p><\/p>\n\n\n\n<div class=\"wp-block-uagb-container uagb-block-0a5d125d alignfull uagb-is-root-container\"><div class=\"uagb-container-inner-blocks-wrap\">\n<div class=\"wp-block-uagb-container uagb-block-42f871c2\">\n<p>En vous abonnant, vous recevrez :<\/p>\n\n\n\n<ul class=\"wp-block-list\">\n<li>\u2705 <strong>Les annonces en avant-premi\u00e8re<\/strong> (acc\u00e8s prioritaire aux templates).<\/li>\n\n\n\n<li>\u2705 <strong>Des astuces exclusives<\/strong> pour Home Assistant et Excel.<\/li>\n\n\n\n<li>\u2705 <strong>Des offres sp\u00e9ciales<\/strong> (r\u00e9serv\u00e9es aux abonn\u00e9s).<\/li>\n\n\n\n<li>\u2705 <strong>Aucun spam<\/strong> \u2013 Max 1 email par mois, d\u00e9sabonnement en 1 clic.<\/li>\n<\/ul>\n\n\n\n<p>\ud83d\udd12 <strong>Vos donn\u00e9es sont 100% s\u00e9curis\u00e9es<\/strong> et ne seront jamais partag\u00e9es.<\/p>\n<\/div>\n\n\n\n<div class=\"wp-block-uagb-container uagb-block-01c203ac\"><script>(function() {\n\twindow.mc4wp = window.mc4wp || {\n\t\tlisteners: [],\n\t\tforms: {\n\t\t\ton: function(evt, cb) {\n\t\t\t\twindow.mc4wp.listeners.push(\n\t\t\t\t\t{\n\t\t\t\t\t\tevent   : evt,\n\t\t\t\t\t\tcallback: cb\n\t\t\t\t\t}\n\t\t\t\t);\n\t\t\t}\n\t\t}\n\t}\n})();\n<\/script><!-- Mailchimp for WordPress v4.10.8 - https:\/\/wordpress.org\/plugins\/mailchimp-for-wp\/ --><form id=\"mc4wp-form-1\" class=\"mc4wp-form mc4wp-form-108\" method=\"post\" data-id=\"108\" data-name=\"FR form homepage\" ><div class=\"mc4wp-form-fields\"><p>\r\n\t<label for=\"email\">Adresse e-mail: \r\n\t\t<input type=\"email\" id=\"email\" name=\"EMAIL\" placeholder=\"Votre adresse e-mail\" required>\r\n\t<\/label>\r\n<\/p>\r\n\r\n<p>\r\n\t<input type=\"submit\" value=\"Abonnez-vous\">\r\n<\/p><\/div><label style=\"display: none !important;\">Laissez ce champ vide si vous \u00eates humain\u00a0: <input type=\"text\" name=\"_mc4wp_honeypot\" value=\"\" tabindex=\"-1\" autocomplete=\"off\" \/><\/label><input type=\"hidden\" name=\"_mc4wp_timestamp\" value=\"1775644773\" \/><input type=\"hidden\" name=\"_mc4wp_form_id\" value=\"108\" \/><input type=\"hidden\" name=\"_mc4wp_form_element_id\" value=\"mc4wp-form-1\" \/><div class=\"mc4wp-response\"><\/div><\/form><!-- \/ Mailchimp for WordPress Plugin --><\/div>\n<\/div><\/div>\n\n\n\n<p><\/p>\n","protected":false},"excerpt":{"rendered":"<p>Abonnez-vous \u00e0 la newsletter En vous abonnant, vous recevrez : \ud83d\udd12 Vos donn\u00e9es sont 100% s\u00e9curis\u00e9es et ne seront jamais partag\u00e9es.<\/p>\n","protected":false},"author":1,"featured_media":0,"parent":0,"menu_order":0,"comment_status":"closed","ping_status":"closed","template":"","meta":{"_uag_custom_page_level_css":"","footnotes":""},"class_list":["post-170","page","type-page","status-publish","hentry"],"blocksy_meta":[],"uagb_featured_image_src":{"full":false,"thumbnail":false,"medium":false,"medium_large":false,"large":false,"1536x1536":false,"2048x2048":false,"depicter-thumbnail":false},"uagb_author_info":{"display_name":"Carl-Pigeot","author_link":"https:\/\/www.frichtiweb.com\/templates\/author\/carl-pigeot\/"},"uagb_comment_info":0,"uagb_excerpt":"Abonnez-vous \u00e0 la newsletter En vous abonnant, vous recevrez : \ud83d\udd12 Vos donn\u00e9es sont 100% s\u00e9curis\u00e9es et ne seront jamais partag\u00e9es.","_links":{"self":[{"href":"https:\/\/www.frichtiweb.com\/templates\/wp-json\/wp\/v2\/pages\/170","targetHints":{"allow":["GET"]}}],"collection":[{"href":"https:\/\/www.frichtiweb.com\/templates\/wp-json\/wp\/v2\/pages"}],"about":[{"href":"https:\/\/www.frichtiweb.com\/templates\/wp-json\/wp\/v2\/types\/page"}],"author":[{"embeddable":true,"href":"https:\/\/www.frichtiweb.com\/templates\/wp-json\/wp\/v2\/users\/1"}],"replies":[{"embeddable":true,"href":"https:\/\/www.frichtiweb.com\/templates\/wp-json\/wp\/v2\/comments?post=170"}],"version-history":[{"count":4,"href":"https:\/\/www.frichtiweb.com\/templates\/wp-json\/wp\/v2\/pages\/170\/revisions"}],"predecessor-version":[{"id":176,"href":"https:\/\/www.frichtiweb.com\/templates\/wp-json\/wp\/v2\/pages\/170\/revisions\/176"}],"wp:attachment":[{"href":"https:\/\/www.frichtiweb.com\/templates\/wp-json\/wp\/v2\/media?parent=170"}],"curies":[{"name":"wp","href":"https:\/\/api.w.org\/{rel}","templated":true}]}}